is divided by t.
19
Suppose 5*k - 3*o - 19432 = 0, 11657 = 3*k - 2351*o + 2347*o. Calculate the remainder when k is divided by 162.
161
Let k = -23271 - -24039. What is the remainder when k is divided by 210?
138
Suppose -9*l = -17 - 28. Suppose 0 = -3*a + 5*a + l*q - 31, -29 = -a + 2*q. Calculate the remainder when 114 is divided by a.
22
Let o be 4 + 195320/52 - 8/52. Suppose 0 = -7*x + 17*x - o. What is the remainder when x is divided by 42?
40
Let f = -555 - -1106. Let w = f + -288. What is the remainder when w is divided by 14?
11
Let f = -74 + 117. Let z(n) = n**2 - 14. Let s(k) = -2*k - 27. Let a be s(-16). Calculate the remainder when f is divided by z(a).
10
Let u = -5920 + 7644. Calculate the remainder when u is divided by 24.
20
Let t(h) = 18*h**2 - 3*h + 2. What is the remainder when t(3) is divided by (6/(-3))/((-15)/15 + 308/316)?
76
Suppose v - 2 = n, 3*v + 40 = -5*n - 2*v. Let k = 235 - n. Suppose 3*i - 13*i + k = 0. Calculate the remainder when i is divided by 5.
4
Suppose 0 = -3*c - u + 26, 5*u - u = c - 26. Let z(w) = -59*w + 57. Let r be z(8). Let n = r + 433. What is the remainder when n is divided by c?
8
Let m(o) = 3*o + 22*o - o**3 + 4*o**2 + o**2 + 15*o**2 - 42. Let v(y) = y**3 - 2*y**2 - 7*y + 5. What is the remainder when m(21) is divided by v(4)?
6
Suppose 0 = -5*m - 28 + 143. Let w(g) = -22*g**2 - 24*g**2 + 47*g**2 - m - 3*g. Calculate the remainder when 45 is divided by w(8).
11
Let i = 76 + -74. Suppose -2 = i*t - 46. Calculate the remainder when 263 is divided by t.
21
Suppose 2*s + 2*p + 132 = 0, 12*s - 8*s - 5*p + 282 = 0. Let r = s + 163. What is the remainder when r is divided by 12?
11
Suppose 2*g = -2*m + 912, -2*m + 32*g = 33*g - 908. Let u = 790 - m. Calculate the remainder when u is divided by 57.
53
Suppose 180*n = 177*n + 9. Let x(m) = 10*m**3 - m**2 - 3*m - 2. What is the remainder when x(n) is divided by 63?
61
Suppose 0 = -c - q + 7 + 21, 0 = -2*c + 3*q + 36. Suppose 3*r = 12, -i - 7*r + 601 = -3*r. Let s = i - 516. Calculate the remainder when s is divided by c.
21
Suppose 3*m = 3*g - 27, 5*m = 2*g + 7*m - 6. What is the remainder when 247 is divided by -2 + 208/(-2 + g)?
47
Suppose -17*n + 1190 = -13*n - 2*u, u - 1199 = -4*n. What is the remainder when n is divided by 19?
14
Calculate the remainder when ((-44)/6)/(92/138) + 1085 is divided by 516.
42
Let u(d) = -d**2 + 46*d - 242. What is the remainder when 1496 is divided by u(13)?
0
Let r = 54 - 16. What is the remainder when 242 is divided by (r + -5 - -2)/1?
32
Let n(d) = d**2 + 13*d + 481. Calculate the remainder when n(0) is divided by 54.
49
Let y(r) = 16*r**3 - 3*r + 2. Let h be y(1). Suppose -5*s + 7 = b - 27, -h = -3*s. Suppose -x + 56 = -b. Calculate the remainder when x is divided by 22.
21
Let v(f) = 50*f - 533. Calculate the remainder when 1 - -3 - 1*-301 is divided by v(11).
16
Suppose 2*m = 15 - 7. Suppose -10*z - 24 = -m*z. Calculate the remainder when (-4 - -3)/2 - 186/z is divided by 8.
6
What is the remainder when 172 is divided by (-418)/(-1463) + (824/(-14))/(-4)?
7
Let o(p) be the third derivative of -p**6/120 - 7*p**5/60 + 19*p**4/24 + 10*p**3/3 - 2*p**2 + 8. What is the remainder when 26 is divided by o(-9)?
4
Suppose 3*j + 8 = -3*x - x, -2*j - 5*x = 10. Let i(u) = 2*u - 49. Let b be i(j). Let z = -22 - b. Calculate the remainder when z is divided by 14.
13
Suppose -552 = 4*v + 656. Suppose 46 + 115 = -2*a - 95. Let l = a - v. Calculate the remainder when l is divided by 35.
34
Let r = 4769 + -4145. Calculate the remainder when r is divided by 307.
10
Let n(i) = 43*i + 23. Suppose -4*s + 4*d = -0*d - 8, 5*s = -d + 28. Let o be n(s). Suppose -42 + o = 4*u. What is the remainder when u is divided by 26?
23
Let o be (-258 + 256)*-11*1/2. Let n(g) = -3*g**2 + 39*g + 26. What is the remainder when 274 is divided by n(o)?
90
Let n(o) = -o**2 + 16*o + 9. Let w be (1/3)/1 + (-744)/(-36). Let p be n(w). Let s = p - -152. What is the remainder when s is divided by 15?
11
Suppose -4*p - 4 = -l - 3*l, -2*l + p = -4. Suppose -7*w + 16 = -l*w. What is the remainder when 14 + (-1111)/77 - (-1626)/21 is divided by w?
1
Let l be (3 + -4)/((-1)/3) - 3. Suppose 0 = 3*v - l - 12. Suppose 5*g + v*k = 823, -3*g = -4*g + 4*k + 155. What is the remainder when g is divided by 33?
31
Suppose -17*q + 122 = -21*q - 5*w, -76 = 2*q - 5*w. Let i(h) = -h**3 - 35*h**2 - 69*h - 16. Calculate the remainder when 245 is divided by i(q).
79
Suppose 2*l + 136 = 4*g + g, 0 = -4*l - 5*g - 212. Let f = 33 - l. Suppose 5*v + 4*u = f + 26, 5*v + u = 108. Calculate the remainder when v is divided by 12.
9
Let k(n) = 34*n**2 - 570*n - 50. Calculate the remainder when 894 is divided by k(17).
34
Let k = 285 - 230. Suppose -8*s - 203 = -9*s. What is the remainder when s is divided by k?
38
Let j = -113 - -123. Suppose j*b = 234 + 16. Calculate the remainder when b is divided by 15.
10
Calculate the remainder when (39/(-6))/((-5)/(-5))*2744/(-28) is divided by 207.
16
Let q = 157 - 152. What is the remainder when 1/(-4*q/(-720)) is divided by (26/4)/(1/2)?
10
Suppose -g = 4*t - 18, 3 = 4*g - 4*t + 11. Suppose -g*c + 3*o + 58 = -31, -3*c + 5*o = -133. Calculate the remainder when c is divided by 8.
6
Let c = 1515 - 2128. Let u = -518 - c. Let k = 82 + -49. What is the remainder when u is divided by k?
29
Let p be 8/6 + (-238)/3 + -2. Let t be ((-6)/2)/((-5)/p). Let l = t + 95. Calculate the remainder when l is divided by 12.
11
Let x = -6067 + 6761. Calculate the remainder when x is divided by 3 + 720/52 - (-6)/39.
14
Let z(x) = -2*x**3 + 33*x**2 + 30*x - 118. Calculate the remainder when 564 is divided by z(17).
49
Calculate the remainder when 153376/13 + -19 + 5145/273 is divided by 25.
23
Suppose 3*s = -3*i + 573, 351 = 5*s - 2*i - 639. Let w = 331 - s. What is the remainder when w is divided by 17?
16
Let z = -502 + 548. What is the remainder when 166 is divided by z/207 - (-187)/9?
19
Let l(a) = -22*a + 1330. Calculate the remainder when l(31) is divided by 108.
0
Calculate the remainder when 183 is divided by 1557/81 - (6/27 + 0).
12
Let t be -1*(-3)/(-6)*-34. Suppose 0 = t*v - 107 - 488. Calculate the remainder when 80 is divided by v.
10
Let p = -803 + 655. Let y = p + 443. Calculate the remainder when y is divided by 27.
25
Let h(g) = 8*g + 19. Let o(t) = t**3 - 19*t**2 + 4*t - 35. What is the remainder when h(12) is divided by o(19)?
33
Let r = -5210 + 5979. What is the remainder when r is divided by 12?
1
Let s = -1599 - -3275. What is the remainder when s is divided by 6?
2
Let b(v) = -7*v**2 - 727*v + 126. What is the remainder when b(-103) is divided by 43?
13
Calculate the remainder when 269 is divided by (28/144 - (-4)/(-36)) + (-6430)/(-24).
1
Let k = -35 - -58. Let s(o) = -o**3 + 3*o**2 + 85*o + 38. What is the remainder when k is divided by s(11)?
3
Suppose 0 = -28*s + 25*s + 39. Let c = 33 - 20. What is the remainder when s is divided by c?
0
Calculate the remainder when (278/(-3))/((299/78)/(-23)) is divided by 94.
86
Suppose 0 = 4*n, 3*x - 3*n = -1 + 7. Let v(d) = 2*d - 1 - 8 - d - 2 + 7*d**x - d**3. Calculate the remainder when v(6) is divided by 7.
3
Let n(x) = 2*x - 64. Let y be n(22). Calculate the remainder when 208 is divided by y/(-5)*(-66)/(-4).
10
Suppose 1634*f - 1637*f + 12 = 0, 5*f = -9*r + 164. What is the remainder when 4446 is divided by r?
14
Suppose i + 1060 = -10*m + 13*m, 5*i = 5*m - 1760. Calculate the remainder when m is divided by -30*7/((-28)/(-12))*-1.
84
Suppose 19 + 44 + 252 = 21*o. Suppose -54 = -3*d + 105. What is the remainder when d is divided by o?
8
Suppose -5*m + 4*z = -53, -4*m + 42 = -2*z - z. Calculate the remainder when 25 is divided by ((48/m)/(-4))/((-13)/156).
9
Let r(u) = -u**3 + 14*u**2 + 4*u + 4. Let w = -177 - -330. Let g = -122 + w. What is the remainder when r(14) is divided by g?
29
Suppose -24*h = 26*h - 22*h - 1680. What is the remainder when 5330 is divided by h?
50
Suppose 0 = 19*p - 30649 - 30360. What is the remainder when p is divided by 22?
21
Suppose -10*f + 35 = -105. Suppose 4 + 2 = 3*i, 109 = 5*y + 2*i. Suppose y = -0*d + d - 2*t, 36 = d + 3*t. Calculate the remainder when d is divided by f.
13
Suppose -119874 = -312*d + 1221414. Calculate the remainder when d is divided by 86.
85
Let h